{"id":3753,"date":"2025-02-19T13:01:08","date_gmt":"2025-02-19T13:01:08","guid":{"rendered":"https:\/\/www.kiga-hoengen.de\/?page_id=3753"},"modified":"2026-01-14T10:26:33","modified_gmt":"2026-01-14T10:26:33","slug":"katholisches-profil","status":"publish","type":"page","link":"https:\/\/www.kiga-hoengen.de\/?page_id=3753","title":{"rendered":"Katholisches Profil"},"content":{"rendered":"<div class=\"wpb-content-wrapper\"><p>[vc_row][vc_column][vc_custom_heading text=&#8220;Tagesimpuls&#8220; font_container=&#8220;tag:h2|font_size:32|text_align:left|color:%23704825|line_height:1%2C2&#8243; google_fonts=&#8220;font_family:Salsa%3Aregular|font_style:400%20regular%3A400%3Anormal&#8220; css=&#8220;&#8220; link=&#8220;url:https%3A%2F%2Ftagesimpuls.org%2F|title:Tagesimpuls&#8220;][vc_column_text css=&#8220;&#8220;][\/vc_column_text][vc_column_text css=&#8220;&#8220;][\/vc_column_text][vc_custom_heading text=&#8220;Unser katholisches Profil&#8220; font_container=&#8220;tag:h2|font_size:32|text_align:left|color:%23704825|line_height:1.2&#8243; google_fonts=&#8220;font_family:Salsa%3Aregular|font_style:400%20regular%3A400%3Anormal&#8220; css=&#8220;&#8220;][vc_column_text css=&#8220;&#8220;]Unser Kindergarten St. Lambertus orientiert sich am christlichen Menschenbild, wie unsere Namenspatron Lambertus, es uns vorgelebt hat. Wir legen gro\u00dfen Wert auf die Wertsch\u00e4tzung des einzelnen Menschen, sowie der Natur, die N\u00e4chstenliebe und den sozialen Umgang miteinander.<\/p>\n<p>Jeder Mensch ist ein einzigartiges Geschenk &#8211; von Gott geliebt, gewollt, und geschaffen, mit St\u00e4rken und mit Schw\u00e4chen. Unser Ziel ist es jeden so anzunehmen, wie er ist und die Verschiedenheit der Kinder mit ihren unterschiedlichen F\u00e4higkeiten, Bed\u00fcrfnissen und ihrer jeweiligen Herkunft werden von uns begr\u00fc\u00dft und angenommen.[\/vc_column_text][vc_custom_heading text=&#8220;Unser kirchlicher Jahreskreis&#8220; font_container=&#8220;tag:h2|font_size:32|text_align:left|color:%23704825|line_height:1.2&#8243; google_fonts=&#8220;font_family:Salsa%3Aregular|font_style:400%20regular%3A400%3Anormal&#8220; css=&#8220;&#8220;][vc_column_text css=&#8220;&#8220;]\u00dcber das ganze Jahr vermitteln wir den Kindern religi\u00f6ses Wissen und Brauchtum. Dies geschieht indem wir den religi\u00f6sen Jahreskreis fest in unseren Alltag einplanen. Wir feiern Feste wie Erntedank, Sankt Martin, Nikolaus, Advent &amp; Weihnachten, Fastenzeit, Palmfeier und Ostern. Weitere Elemente sind das t\u00e4gliche Beten vor dem Mittagessen, die Treffen der Bibeldetektive, die Besuche von Pastor Bohnen und unser Familiengottesdienst.[\/vc_column_text][\/vc_column][\/vc_row][vc_row][vc_column][\/vc_column][\/vc_row][vc_row][vc_column][\/vc_column][\/vc_row][vc_row][vc_column][\/vc_column][\/vc_row]<\/p>\n<\/div>","protected":false},"excerpt":{"rendered":"<p>[vc_row][vc_column][vc_custom_heading text=&#8220;Tagesimpuls&#8220; font_container=&#8220;tag:h2|font_size:32|text_align:left|color:%23704825|line_height:1%2C2&#8243; google_fonts=&#8220;font_family:Salsa%3Aregular|font_style:400%20regular%3A400%3Anormal&#8220; css=&#8220;&#8220; link=&#8220;url:https%3A%2F%2Ftagesimpuls.org%2F|title:Tagesimpuls&#8220;][vc_column_text css=&#8220;&#8220;][\/vc_column_text][vc_column_text css=&#8220;&#8220;][\/vc_column_text][vc_custom_heading text=&#8220;Unser katholisches Profil&#8220; font_container=&#8220;tag:h2|font_size:32|text_align:left|color:%23704825|line_height:1.2&#8243; google_fonts=&#8220;font_family:Salsa%3Aregular|font_style:400%20regular%3A400%3Anormal&#8220; css=&#8220;&#8220;][vc_column_text css=&#8220;&#8220;]Unser Kindergarten St. Lambertus orientiert sich am christlichen Menschenbild, wie unsere Namenspatron Lambertus, es uns vorgelebt hat. Wir legen gro\u00dfen Wert auf die Wertsch\u00e4tzung des einzelnen Menschen, sowie der Natur, die N\u00e4chstenliebe und den sozialen Umgang miteinander. Jeder Mensch ist ein [&hellip;]<\/p>\n","protected":false},"author":1,"featured_media":0,"parent":0,"menu_order":0,"comment_status":"closed","ping_status":"closed","template":"","meta":{"footnotes":""},"class_list":["post-3753","page","type-page","status-publish","hentry"],"_links":{"self":[{"href":"https:\/\/www.kiga-hoengen.de\/index.php?rest_route=\/wp\/v2\/pages\/3753","targetHints":{"allow":["GET"]}}],"collection":[{"href":"https:\/\/www.kiga-hoengen.de\/index.php?rest_route=\/wp\/v2\/pages"}],"about":[{"href":"https:\/\/www.kiga-hoengen.de\/index.php?rest_route=\/wp\/v2\/types\/page"}],"author":[{"embeddable":true,"href":"https:\/\/www.kiga-hoengen.de\/index.php?rest_route=\/wp\/v2\/users\/1"}],"replies":[{"embeddable":true,"href":"https:\/\/www.kiga-hoengen.de\/index.php?rest_route=%2Fwp%2Fv2%2Fcomments&post=3753"}],"version-history":[{"count":9,"href":"https:\/\/www.kiga-hoengen.de\/index.php?rest_route=\/wp\/v2\/pages\/3753\/revisions"}],"predecessor-version":[{"id":4441,"href":"https:\/\/www.kiga-hoengen.de\/index.php?rest_route=\/wp\/v2\/pages\/3753\/revisions\/4441"}],"wp:attachment":[{"href":"https:\/\/www.kiga-hoengen.de\/index.php?rest_route=%2Fwp%2Fv2%2Fmedia&parent=3753"}],"curies":[{"name":"wp","href":"https:\/\/api.w.org\/{rel}","templated":true}]}}